e the prime factors of b?
11, 13
Let d(y) = -y**3 + 17*y**2 + 24*y + 17. What are the prime factors of d(16)?
3, 73
Suppose -24*s + 16*s + 40816 = 0. List the prime factors of s.
2, 2551
List the prime factors of 85*8 + 5 + -8.
677
Suppose 5*m + 100 = l, 29 = -3*m + 2*m + 2*l. Let o = 67 + m. Let c = o + -32. List the prime factors of c.
2
Suppose 5*n = 5*b + 3*n + 54, -2*b - 30 = 2*n. Let h(a) = -a + 10. Let f be h(7). Let o = f - b. What are the prime factors of o?
3, 5
Let g be 188 - (1 + -1 + -3). Let m = -105 + g. List the prime factors of m.
2, 43
Let w = -31 + 112. What are the prime factors of w?
3
Let p be (5 - 1)/((-5)/(-320)). Let g = p + -145. What are the prime factors of g?
3, 37
Let z(d) = d**2 - 3*d - d + d**2 + 6*d. Let w be z(2). Suppose -w*h + 30 = -10*h. List the prime factors of h.
3, 5
Let b(n) = n**3 + n**2 - 6*n + 2121. List the prime factors of b(0).
3, 7, 101
Suppose 7*k = 4*k - 5*d - 493, d = -5. List the prime factors of -6 + k/(-30) - (-1788)/10.
2, 89
Let j be (20/25)/((-4)/(-10)). Suppose 0*c + 48 = j*c. Suppose -n + 4*s + 26 = 0, 2*n - c = -s + 28. What are the prime factors of n?
2, 13
Let p be (-2)/6 - 2189/(-33). Let d = 147 - p. What are the prime factors of d?
3
Suppose 0 = -4*h - 2667 + 183. Let l = h - -420. List the prime factors of (-8)/12*l/2.
67
Let d = -517 + 911. List the prime factors of d.
2, 197
Let h(x) = 58 - x + 24 + 2*x - 12. What are the prime factors of h(0)?
2, 5, 7
Let b(p) = p**3 - 15*p**2 + 21. Let w be b(15). Let y = w + -19. Suppose 113 = y*m - 0*m + k, 2*m - 3*k - 109 = 0. What are the prime factors of m?
2, 7
Let m = 790 - 285. Let u = m + -273. What are the prime factors of u?
2, 29
Suppose -11*n = -0*n - 1661. What are the prime factors of n?
151
Let i be -2 - -12*(-3 - -4)/2. Suppose -i*m + 41 - 25 = 0. What are the prime factors of m?
2
List the prime factors of (-127)/(-3) + (20/(-6))/(-5).
43
Let g(p) = p**2 + 11*p - 27. Let u be 32/1*3/12. List the prime factors of g(u).
5
Suppose 5*s = -7 - 13. Let z be 18/s*(-166)/3. Suppose 4*w - 232 = -u + 6*u, -4*u + z = 5*w. List the prime factors of w.
53
Suppose 6*g + 1150 = 11*g. List the prime factors of g.
2, 5, 23
Let l(j) = -j**3 + 5*j**2 - 2*j + 12. Let n be l(5). Suppose -n*k - p - 60 = -176, 5*k - 2*p - 290 = 0. List the prime factors of k.
2, 29
Suppose 0 = 2*s - 4*k - 1231 - 991, 2*k + 10 = 0. What are the prime factors of s?
3, 367
Suppose -2*v - v + 54 = 0. Suppose -8*f = -6*f - v. Suppose 2*m = j - 2*m - f, -4*j - 4*m + 16 = 0. What are the prime factors of j?
5
Let i(g) = -628*g + 454. List the prime factors of i(-5).
2, 3, 599
Let c(z) = -538*z + 15. List the prime factors of c(-6).
3, 23, 47
Suppose -2*z - r = 2*r - 251, -4*r = 2*z - 254. List the prime factors of z.
11
Let g be (2 + 0)/(6/(-75)). Let l be g/4 + (-3)/(-12). Let x(r) = -8*r - 7. List the prime factors of x(l).
41
Let j(d) be the second derivative of d**3/2 - d**2/2 + 13*d. List the prime factors of j(1).
2
Let v(c) = -c**3 - 2*c**2 - 9*c - 14. Let k = 43 + -49. What are the prime factors of v(k)?
2, 23
Let t(k) = 847*k + 17. List the prime factors of t(1).
2, 3
What are the prime factors of (-2 - -883)*(-13 + 14)?
881
Suppose -3*j + 7*j - 11888 = 4*o, -3*o = -6. What are the prime factors of j?
2, 1487
Suppose 4*i - 3212 = 1340. List the prime factors of i.
2, 569
Suppose 190*d = 195*d - 10. List the prime factors of -1 + d + (-56)/(-7) + 214.
223
Suppose 0 = i - p - 5, -3*i - 7*p - 17 = -2*p. List the prime factors of (-8)/12*i*-351.
2, 3, 13
Let t(f) = -f**3 - 49*f**2 - 71*f + 135. What are the prime factors of t(-48)?
3, 7, 59
What are the prime factors of 20398/5 + -4 + 132/30?
2, 3, 5, 17
Let x(a) = 3*a**2 + 2*a + 3. Let j(y) = y - 8. Let d be j(11). Let i be x(d). Let p = 66 - i. What are the prime factors of p?
2, 3, 5
Suppose -4*i - y - 233 = -2140, 0 = -i - 5*y + 491. List the prime factors of i.
2, 7, 17
Let l(y) = -2*y + 2. Let f = 62 - 73. What are the prime factors of l(f)?
2, 3
Let m = 10819 - 6735. What are the prime factors of m?
2, 1021
Suppose -5*y = -3*f - 3*y - 48, 0 = -3*f - 5*y - 48. Let d = 5 - f. Suppose -3*o = -21 - d. What are the prime factors of o?
2, 7
Suppose 13*r = -21*r + 13668. List the prime factors of r.
2, 3, 67
Let g be 4 + -6 + -50*2. Let n = -51 - g. List the prime factors of n.
3, 17
Let j(a) = 39 + 5*a + 221 - 6*a. Let t be j(0). Suppose -f + 4*f = -5*m + 285, 4*m - 4*f - t = 0. List the prime factors of m.
2, 3, 5
Let z(b) = -28*b**3 + b**2 - 6*b - 4. List the prime factors of z(-3).
19, 41
Let f = -325 - -496. Suppose w = -2*w + f. What are the prime factors of w?
3, 19
Let v = 106 + -214. Let k = -32 - v. List the prime factors of k.
2, 19
Let z be ((-6)/2)/((2 - -3)/(-15)). Suppose -z*j - j + 350 = 0. What are the prime factors of j?
5, 7
Suppose 2*k = 3*k. Suppose -4*u - 1 + 13 = k. Let v(y) = y**2 - y + 2. List the prime factors of v(u).
2
Let d = 58 - 47. Let u = 3 + 1. Suppose -u*p + d = -9. What are the prime factors of p?
5
Let l be -1*2/(-4)*-62. Let h = l + 68. List the prime factors of h.
37
Let g(u) = 10 - u**2 + 8 + 5 - 11*u - 6. Let d be g(-12). Let b = d - -9. What are the prime factors of b?
2, 7
Suppose 0 = 2*a - 2*s - 2534, 3*a = -4*s + 2214 + 1594. What are the prime factors of a?
2, 317
Suppose -521*z = -519*z - 1556. List the prime factors of z.
2, 389
Let r = 2452 - 1618. Suppose 5*w + r = -w. Let k = -87 - w. List the prime factors of k.
2, 13
Suppose 0 = -5*j + 10, 0*i - j = -5*i - 32. Let l be ((i - -3) + 3)*-1. Suppose 5*m - 13 - 92 = l. List the prime factors of m.
3, 7
Let p = 30 + 29. Suppose 0 = -3*a + 223 + 38. Let l = a - p. What are the prime factors of l?
2, 7
Let n = -120 + 673. List the prime factors of n.
7, 79
Suppose 0 = 9*b - 268 + 61. What are the prime factors of b?
23
Suppose 3*q + 7*t = 2*t + 388, 4*t - 8 = 0. Let w(z) = -z**3 - 12*z**2 - 5*z - 22. Let o be w(-11). Let u = o + q. List the prime factors of u.
2, 19
List the prime factors of 109/(-436) - (-4290)/8.
2, 67
Let h(d) = 78*d**2 + 31*d - 1. What are the prime factors of h(5)?
2, 263
Suppose 7*y = 3*y + 5*q + 8571, -y - 4*q + 2169 = 0. Suppose -20*h = -y - 4571. What are the prime factors of h?
2, 3, 7
Let l be -3*(1 - 18) + 3. Let p be ((-6)/5)/(l/(-900)). Suppose -5*h + p = -b + 3, 2*b - 26 = -5*h. List the prime factors of h.
2
Suppose 3*z = -z - 4*g + 32, -5*g - 20 = 0. What are the prime factors of 555/z - (12/(-3))/(-16)?
2, 23
Suppose 2*j + 2*f + 44 = -3*j, -2*f + 4 = -j. Suppose 4*z + 252 = -0*z. Let b = j - z. List the prime factors of b.
5, 11
Suppose q = 5*j - 3232, 6*q - 11*q = 2*j - 1282. List the prime factors of j.
2, 17, 19
Let b(u) = -67*u - 22. Let q be b(-4). Suppose 5*y + q = 8*y. What are the prime factors of y?
2, 41
Suppose 4*t - 2999 = 7249. List the prime factors of t.
2, 3, 7, 61
Suppose 0 = -o + 4*p + 14, p + 5 + 8 = 5*o. Suppose -o*m - 2*m = -312. List the prime factors of m.
2, 3, 13
Suppose -4*s = 16, -6*i = -3*i + 5*s + 8. Let a(y) = 2*y**2 - 9. What are the prime factors of a(i)?
23
Suppose -15*x - 2*w = -10*x - 2618, 4*x + 5*w - 2091 = 0. What are the prime factors of x?
2, 131
Let v = 13 - 10. Suppose -2*q - v*g = -18, 3*q + 2 = 3*g - 1. Suppose -2 - 4 = -3*j + q*o, -o = -3*j + 8. List the prime factors of j.
3
Let d be 4/16 - (-15)/4. Suppose -b - d = -0*b. What are the prime factors of (-374)/(-33) + b/3?
2, 5
List the prime factors of 31131/54 - (18/(-4) - -2).
3, 193
Suppose -3*h - 2*m + 658 = 0, -14*h + 9*h - 3*m = -1095. Suppose 2*r - 248 - h = 0. List the prime factors of r.
2, 29
Suppose 3*l - v - 3*v + 22 = 0, -3*v = -5*l - 44. Let w = 34 + l. What are the prime factors of w?
2, 3
Suppose -5*p + 20 = 0, 3*t = -4*p - 408 + 4144. What are the prime factors of t/30*6/4?
2, 31
Let k(r) = -r**3 + 4*r**2 - 2*r + 5. Let p(q) = -q**3 + 5*q**2 - q + 5. Let o(d) = -3*k(d) + 2*p(d). What are the prime factors of o(2)?
3
Let o(t) = -t**3 + 3*t**2 - 2. Let r = -5 + 8. Let f be o(r). Let z = 7 + f. What are the prime factors of z?
5
Let l(k) = -158*k**2 + 3*k - 162*k**2 + k**3 - 2 + 487*k**2 - 160*k**2. Suppose -2*r = -2*c + 4*c + 22, 4*c + 20 = 0. What are the prime factors of l(r)?
2
Let l be 27 + -2*2/4. Let t = l + -6. List the prime factors of t.
2, 5
Suppose 220*q = 221*